 the greatest common factor of r and q?
38
Let u(m) = -3*m**2 - 75*m - 6. Let t be u(-24). Calculate the highest common factor of t and 550.
22
Let k be 0/1 - 0 - -63. Let g = 46 + -39. Let q be (g/6*-4)/(3/(-27)). What is the highest common divisor of k and q?
21
Suppose p + o = 33 - 9, 0 = -3*p - 5*o + 70. Let k(y) = -y + 26. Let n be k(p). What is the greatest common divisor of n and 9?
1
Let k be 39/(-3 - 0) - 0. Let s(g) = -4*g - 4. Let d be s(k). Let l(o) = o**3 - 6*o**2 + 2*o. Let t be l(6). What is the highest common divisor of d and t?
12
Let i = 549 - 373. Let z be (-6)/(-24) - 174/(-8). Calculate the greatest common factor of z and i.
22
Let i be (-1946)/(-35) + 7 + 2/5. Calculate the highest common divisor of 378 and i.
63
Let p(a) = a**3 + 3*a**2 - 10*a - 2. Let w be p(-5). Let c(y) = -23*y - 16. Let u be c(w). What is the highest common factor of u and 15?
15
Suppose -4*z + 100 = 3*a, -4*z = -z - 3. Let n(w) = 18*w - 17 - 8 - w**2 + 0*w**2 - 32*w. Let c be n(-11). Calculate the highest common divisor of a and c.
8
Let t = 527 - 463. Calculate the highest common factor of t and 88.
8
Let b(u) = 18*u + 208. Let v be b(0). What is the highest common factor of 52 and v?
52
Suppose 4*g + 0*y = 5*y + 68, -3*g - 4*y + 20 = 0. Calculate the greatest common factor of g and 15.
3
Let x be 4/10*(-8120)/(-203). Let f = -2 + 6. What is the greatest common factor of f and x?
4
Let y(x) = x + 17. Let k be y(-8). Suppose 0 = 13*f - k*f - 48. What is the greatest common divisor of 8 and f?
4
Let d(p) = 18*p + 7. Suppose -5*a = h + 18, 0*h + 3*h + 3*a = 6. Let g be d(h). What is the greatest common factor of g and 19?
19
Let q be 1290/65 - (-4)/26. Let a = 34 - q. What is the greatest common divisor of a and 7?
7
Let h = 8 + -13. Let c be 210/25 - (-2)/h. What is the highest common divisor of c and 24?
8
Let h(c) = -2*c**2 + 20*c + 12. Let a be h(11). Let t = a + 59. Calculate the highest common divisor of 7 and t.
7
Let w be -3 + (175/5 - -4). Suppose -b - 8 = -5*k - 4*b, 0 = k + b. Let c be 121/5 - k/20. What is the highest common divisor of c and w?
12
Let j = 158 + -128. What is the greatest common divisor of 240 and j?
30
Let s be 266*(8 - (-32)/(-8)). What is the highest common divisor of 38 and s?
38
Let a = 108 + -61. Suppose 81 = -4*o - a. Let r = -22 - o. What is the greatest common factor of 40 and r?
10
Suppose -1 = s - 23. Let z be 164/6 + s/33. Let y = z - 18. Calculate the highest common divisor of y and 70.
10
Let a = -227 - -150. Let m = a - -176. Calculate the greatest common factor of 9 and m.
9
Let g = -5 - -9. Let s(k) = -171*k + 15. Let x(m) = -34*m + 3. Let c(d) = -5*s(d) + 24*x(d). Let v be c(g). Calculate the greatest common factor of 17 and v.
17
Let f(t) = -t**2 - 8*t - 9. Let r be f(-7). Let v be (-5)/r*92 + 1. Let g be (15 + -1)*(-9)/(-6). What is the highest common factor of v and g?
21
Let z be 2019/(-36)*-14 - (-2)/(-12). What is the highest common divisor of 5 and z?
5
Let q = -1168 + 1288. What is the greatest common divisor of q and 96?
24
Suppose 245*u = 238*u + 16072. Calculate the highest common factor of 56 and u.
56
Let i be (3 + 0)*-54*2/(-3). Calculate the greatest common factor of 36 and i.
36
Let c be 5/2*(-1242)/(-115). Calculate the highest common divisor of c and 18.
9
Suppose 0*t + 5*t = 40. Let d(m) = -5*m - 2. Let p(n) = n. Let h(y) = d(y) + 6*p(y). Let k be h(t). What is the greatest common divisor of 4 and k?
2
Suppose -10*r + 13*r - 483 = 0. What is the greatest common factor of 23 and r?
23
Let a = -74 - -362. What is the greatest common divisor of a and 108?
36
Let d(b) = -2*b + 14. Let x be d(-6). Calculate the greatest common divisor of x and 286.
26
Suppose -4*q - f + 92 = 3*f, 0 = 3*q - 5*f - 29. Let m(u) = u + 9. Let h be m(-7). What is the highest common divisor of h and q?
2
Let v be (-2 + 0)*1 - (-96)/24. Suppose 8*x - v = 6*x. What is the greatest common divisor of 9 and x?
1
Let g be -3 - (4 - 15)*1. Let j(r) = r**3 - 9*r**2 + 11*r - 14. Let u be j(g). Suppose -u*m + 8*m + 84 = 0. Calculate the greatest common divisor of m and 28.
14
Let k = 225 + -212. What is the highest common factor of k and 5?
1
Let m be (-5)/((-70)/(-4)) + 23850/126. Calculate the highest common factor of m and 432.
27
Suppose 4 = -3*o - 17. Let c(p) = -4*p**3 + 9 - 6*p**2 + 3*p**3 + 6*p - 2*p. Let g be c(o). Calculate the highest common divisor of 3 and g.
3
Suppose 3*f - 79 = 14. Suppose 0 = -3*x + f + 65. What is the greatest common divisor of 256 and x?
32
Let g be 3 - ((-273)/(-13))/(-7). What is the greatest common divisor of g and 519?
3
Suppose -62 = -q - 41. Let n = q + 29. What is the greatest common factor of n and 10?
10
Suppose -97*x + 154 = -73*x - 230. Let r = -2 - -3. What is the greatest common divisor of x and r?
1
Let j = 2682 - 2640. Calculate the highest common divisor of 343 and j.
7
Suppose -7*c - 86 = -114. What is the highest common factor of 10 and c?
2
Suppose -p = -5*p + 16. Suppose -8*b + 80 = -p*b. Suppose -4*m + 3*f + 49 = 0, 3*m - 4 = 2*f + 32. Calculate the greatest common divisor of b and m.
10
Suppose -20 = -2*j + 2. Let f = j - -13. What is the highest common factor of 96 and f?
24
Let j = 156 - 100. Suppose j = 3*b + b. Let w = 327 - 229. What is the greatest common divisor of b and w?
14
Let n(k) = 47*k**2 + 5*k - 13. Let f be n(3). What is the greatest common divisor of 680 and f?
85
Suppose -3*q = -7*z + 12*z - 4243, 0 = 2*z - 4*q - 1718. What is the highest common divisor of z and 74?
37
Suppose j = -3*p + 4*j + 111, -j = -4*p + 154. Let n(h) = h**3 + 7*h**2 - 9*h + 5. Let d be n(-8). Calculate the greatest common factor of d and p.
13
Let x = 162 - 439. Let f = -181 - x. What is the highest common factor of 32 and f?
32
Let u = 91 + -89. Suppose -u*z - 12 = 4*y, 5 - 30 = 5*y. Calculate the highest common factor of 16 and z.
4
Let i = -4 - -16. Let j be 8 + 1 - (-10 + i). Suppose -a = -3*q - j, -2*a + 4*q + 6 = -4. Calculate the highest common factor of 3 and a.
1
Suppose 14 + 44 = -2*d. Let k = -17 - d. Suppose -10 = -4*t + 2. Calculate the highest common divisor of k and t.
3
Let b = 1797 + -1270. Calculate the highest common divisor of 68 and b.
17
Suppose -3*k = 8*k - 44. Suppose 16 + 304 = k*q. Calculate the highest common divisor of 48 and q.
16
Let j be ((-1995)/(-45) - -9)*6/5. Calculate the highest common factor of 208 and j.
16
Let n be 8/10*(-30)/(-4). Suppose -263 + 359 = 8*i. What is the greatest common divisor of i and n?
6
Let k(t) = -t**2 - 9*t - 8. Let i be -8 + 2 + (-6)/3. Let m be k(i). Suppose m = 2*q + q - 48. Calculate the highest common factor of 24 and q.
8
Let j be -1*(2 - -1) - -2. Let h be (-218)/(-4) + j/(-2). Let n = -39 + h. What is the highest common factor of n and 32?
16
Let d be (-37)/(-2) - (-2)/4. Let t = 271 + -100. What is the greatest common factor of d and t?
19
Suppose -196 = -3*g - 25. Suppose g - 157 = -5*s. Calculate the highest common factor of 8 and s.
4
Let x(l) = 7*l**2 - l. Let f be x(6). Let p = f + -36. Let q = -3 - -24. What is the highest common factor of q and p?
21
Let m = 164 - 138. Calculate the greatest common divisor of 13 and m.
13
Let d be 666/(-21) - 6/21. Let i = -21 - d. Suppose -4*y - 3*t = -217, -5*t + 6 = y - 44. What is the greatest common divisor of i and y?
11
Suppose 0 = -19*s + 15*s + 3*o + 581, -15 = 5*o. Calculate the greatest common factor of s and 55.
11
Let t = -12 - -32. Suppose 3*f - 6 = 0, 4*f + 13 = 5*n + 3*f. Suppose -60 = -n*d - 0*d. Calculate the greatest common factor of d and t.
20
Suppose 2*x + 4*y = -3 - 5, 0 = 5*x + 5*y + 5. Suppose 21 = x*c - 1. Calculate the greatest common factor of 22 and c.
11
Suppose 3*f = -f - 4*c + 76, 5*f = 4*c + 86. Let l(r) = -3*r - 12. Let m be 1/4 - (-82)/(-8). Let z be l(m). What is the highest common factor of z and f?
18
Suppose -333 - 1608 = -99*l - 60. Let p be 6/(-3) + 77 + 1. Calculate the greatest common divisor of p and l.
19
Let t(u) be the first derivative of 2*u**3/3 - 7*u**2/2 - 8*u + 24. Let z be t(6). What is the highest common factor of 33 and z?
11
Let w = 631 + -660. Let q be -1 - -40 - (0 + -1). Let u = q + w. What is the highest common factor of 11 and u?
11
Let a = -231 - -271. Calculate the greatest common divisor of a and 140.